{"id":1388,"date":"2023-06-22T10:45:59","date_gmt":"2023-06-22T08:45:59","guid":{"rendered":"http:\/\/www.start.hekko24.pl\/studio\/?page_id=1388"},"modified":"2023-06-23T12:48:39","modified_gmt":"2023-06-23T10:48:39","slug":"kolaze-cyfrowe","status":"publish","type":"page","link":"http:\/\/www.start.hekko24.pl\/studio\/kolaze-cyfrowe\/","title":{"rendered":"KOLA\u017bE CYFROWE"},"content":{"rendered":"\n<h2 class=\"wp-block-heading\">KOLA\u017b CYFROWY<\/h2>\n\n\n\n<p>e-Collage lub kola\u017c digitalowy to nowoczesna forma tradycyjnej sztuki \u0142\u0105czenia r\u00f3\u017cnych element\u00f3w w zaskakuj\u0105c\u0105 estetycznie i znaczeniowo ca\u0142o\u015b\u0107.<br><br>Powstaj\u0105ce t\u0105 technik\u0105 cyfrowe obrazy mo\u017cna wydrukowa\u0107 w dowolnym wymiarze na papierze, p\u0142\u00f3tnie czy folii. Odpowiednio oprawione b\u0119d\u0105 stanowi\u0107 niebanalne uzupe\u0142nienie wn\u0119trza czy to prywatnego czy publicznego.<br><br>Istnieje mo\u017cliwo\u015b\u0107 wykonania grafiki na specjalne zam\u00f3wienie, z wybranym motywem przewodnim np. do kawiarni, kancelarii lub z konkretn\u0105 dominant\u0105 kolorystyczn\u0105 dope\u0142niaj\u0105c\u0105 wystr\u00f3j konkretnej przestrzeni.<br><\/p>\n\n\n\n<p>Zapraszamy obejrzenia naszej  galerii<\/p>\n\n\n\n<div class=\"wp-block-responsive-lightbox-gallery\"><div class=\"rl-gallery-container rl-loading\" id=\"rl-gallery-container-1\" data-gallery_id=\"1441\"> <div class=\"rl-gallery rl-basicgrid-gallery \" id=\"rl-gallery-1\" data-gallery_no=\"1\"> <div class=\"rl-gallery-item\"><a href=\"http:\/\/www.start.hekko24.pl\/studio\/wp-content\/uploads\/2023\/06\/0.jpg\" title=\"\" data-rl_title=\"\" class=\"rl-gallery-link\" data-rl_caption=\"\" data-rel=\"lightbox-gallery-1\"><img src=\"http:\/\/www.start.hekko24.pl\/studio\/wp-content\/uploads\/2023\/06\/0-300x169.jpg\" width=\"300\" height=\"169\" alt=\"\"\/><\/a><\/div><div class=\"rl-gallery-item\"><a href=\"http:\/\/www.start.hekko24.pl\/studio\/wp-content\/uploads\/2023\/06\/1.jpg\" title=\"\" data-rl_title=\"\" class=\"rl-gallery-link\" data-rl_caption=\"\" data-rel=\"lightbox-gallery-1\"><img src=\"http:\/\/www.start.hekko24.pl\/studio\/wp-content\/uploads\/2023\/06\/1-300x169.jpg\" width=\"300\" height=\"169\" alt=\"\"\/><\/a><\/div><div class=\"rl-gallery-item\"><a href=\"http:\/\/www.start.hekko24.pl\/studio\/wp-content\/uploads\/2023\/06\/2.jpg\" title=\"\" data-rl_title=\"\" class=\"rl-gallery-link\" data-rl_caption=\"\" data-rel=\"lightbox-gallery-1\"><img src=\"http:\/\/www.start.hekko24.pl\/studio\/wp-content\/uploads\/2023\/06\/2-300x169.jpg\" width=\"300\" height=\"169\" alt=\"\"\/><\/a><\/div><div class=\"rl-gallery-item\"><a href=\"http:\/\/www.start.hekko24.pl\/studio\/wp-content\/uploads\/2023\/06\/3.jpg\" title=\"\" data-rl_title=\"\" class=\"rl-gallery-link\" data-rl_caption=\"\" data-rel=\"lightbox-gallery-1\"><img src=\"http:\/\/www.start.hekko24.pl\/studio\/wp-content\/uploads\/2023\/06\/3-300x169.jpg\" width=\"300\" height=\"169\" alt=\"\"\/><\/a><\/div><div class=\"rl-gallery-item\"><a href=\"http:\/\/www.start.hekko24.pl\/studio\/wp-content\/uploads\/2023\/06\/4.jpg\" title=\"\" data-rl_title=\"\" class=\"rl-gallery-link\" data-rl_caption=\"\" data-rel=\"lightbox-gallery-1\"><img src=\"http:\/\/www.start.hekko24.pl\/studio\/wp-content\/uploads\/2023\/06\/4-300x169.jpg\" width=\"300\" height=\"169\" alt=\"\"\/><\/a><\/div><div class=\"rl-gallery-item\"><a href=\"http:\/\/www.start.hekko24.pl\/studio\/wp-content\/uploads\/2023\/06\/5.jpg\" title=\"\" data-rl_title=\"\" class=\"rl-gallery-link\" data-rl_caption=\"\" data-rel=\"lightbox-gallery-1\"><img src=\"http:\/\/www.start.hekko24.pl\/studio\/wp-content\/uploads\/2023\/06\/5-300x169.jpg\" width=\"300\" height=\"169\" alt=\"\"\/><\/a><\/div><div class=\"rl-gallery-item\"><a href=\"http:\/\/www.start.hekko24.pl\/studio\/wp-content\/uploads\/2023\/06\/6.jpg\" title=\"\" data-rl_title=\"\" class=\"rl-gallery-link\" data-rl_caption=\"\" data-rel=\"lightbox-gallery-1\"><img src=\"http:\/\/www.start.hekko24.pl\/studio\/wp-content\/uploads\/2023\/06\/6-300x169.jpg\" width=\"300\" height=\"169\" alt=\"\"\/><\/a><\/div><div class=\"rl-gallery-item\"><a href=\"http:\/\/www.start.hekko24.pl\/studio\/wp-content\/uploads\/2023\/06\/7.jpg\" title=\"\" data-rl_title=\"\" class=\"rl-gallery-link\" data-rl_caption=\"\" data-rel=\"lightbox-gallery-1\"><img src=\"http:\/\/www.start.hekko24.pl\/studio\/wp-content\/uploads\/2023\/06\/7-300x169.jpg\" width=\"300\" height=\"169\" alt=\"\"\/><\/a><\/div><div class=\"rl-gallery-item\"><a href=\"http:\/\/www.start.hekko24.pl\/studio\/wp-content\/uploads\/2023\/06\/8.jpg\" title=\"\" data-rl_title=\"\" class=\"rl-gallery-link\" data-rl_caption=\"\" data-rel=\"lightbox-gallery-1\"><img src=\"http:\/\/www.start.hekko24.pl\/studio\/wp-content\/uploads\/2023\/06\/8-300x169.jpg\" width=\"300\" height=\"169\" alt=\"\"\/><\/a><\/div><div class=\"rl-gallery-item\"><a href=\"http:\/\/www.start.hekko24.pl\/studio\/wp-content\/uploads\/2023\/06\/9.jpg\" title=\"\" data-rl_title=\"\" class=\"rl-gallery-link\" data-rl_caption=\"\" data-rel=\"lightbox-gallery-1\"><img src=\"http:\/\/www.start.hekko24.pl\/studio\/wp-content\/uploads\/2023\/06\/9-300x169.jpg\" width=\"300\" height=\"169\" alt=\"\"\/><\/a><\/div><div class=\"rl-gallery-item\"><a href=\"http:\/\/www.start.hekko24.pl\/studio\/wp-content\/uploads\/2023\/06\/10.jpg\" title=\"\" data-rl_title=\"\" class=\"rl-gallery-link\" data-rl_caption=\"\" data-rel=\"lightbox-gallery-1\"><img src=\"http:\/\/www.start.hekko24.pl\/studio\/wp-content\/uploads\/2023\/06\/10-300x169.jpg\" width=\"300\" height=\"169\" alt=\"\"\/><\/a><\/div><div class=\"rl-gallery-item\"><a href=\"http:\/\/www.start.hekko24.pl\/studio\/wp-content\/uploads\/2023\/06\/11.jpg\" title=\"\" data-rl_title=\"\" class=\"rl-gallery-link\" data-rl_caption=\"\" data-rel=\"lightbox-gallery-1\"><img src=\"http:\/\/www.start.hekko24.pl\/studio\/wp-content\/uploads\/2023\/06\/11-300x169.jpg\" width=\"300\" height=\"169\" alt=\"\"\/><\/a><\/div><div class=\"rl-gallery-item\"><a href=\"http:\/\/www.start.hekko24.pl\/studio\/wp-content\/uploads\/2023\/06\/12.jpg\" title=\"\" data-rl_title=\"\" class=\"rl-gallery-link\" data-rl_caption=\"\" data-rel=\"lightbox-gallery-1\"><img src=\"http:\/\/www.start.hekko24.pl\/studio\/wp-content\/uploads\/2023\/06\/12-300x169.jpg\" width=\"300\" height=\"169\" alt=\"\"\/><\/a><\/div><div class=\"rl-gallery-item\"><a href=\"http:\/\/www.start.hekko24.pl\/studio\/wp-content\/uploads\/2023\/06\/13.jpg\" title=\"\" data-rl_title=\"\" class=\"rl-gallery-link\" data-rl_caption=\"\" data-rel=\"lightbox-gallery-1\"><img src=\"http:\/\/www.start.hekko24.pl\/studio\/wp-content\/uploads\/2023\/06\/13-300x169.jpg\" width=\"300\" height=\"169\" alt=\"\"\/><\/a><\/div><div class=\"rl-gallery-item\"><a href=\"http:\/\/www.start.hekko24.pl\/studio\/wp-content\/uploads\/2023\/06\/14.jpg\" title=\"\" data-rl_title=\"\" class=\"rl-gallery-link\" data-rl_caption=\"\" data-rel=\"lightbox-gallery-1\"><img src=\"http:\/\/www.start.hekko24.pl\/studio\/wp-content\/uploads\/2023\/06\/14-300x169.jpg\" width=\"300\" height=\"169\" alt=\"\"\/><\/a><\/div><div class=\"rl-gallery-item\"><a href=\"http:\/\/www.start.hekko24.pl\/studio\/wp-content\/uploads\/2023\/06\/15.jpg\" title=\"\" data-rl_title=\"\" class=\"rl-gallery-link\" data-rl_caption=\"\" data-rel=\"lightbox-gallery-1\"><img src=\"http:\/\/www.start.hekko24.pl\/studio\/wp-content\/uploads\/2023\/06\/15-300x169.jpg\" width=\"300\" height=\"169\" alt=\"\"\/><\/a><\/div><div class=\"rl-gallery-item\"><a href=\"http:\/\/www.start.hekko24.pl\/studio\/wp-content\/uploads\/2023\/06\/16.jpg\" title=\"\" data-rl_title=\"\" class=\"rl-gallery-link\" data-rl_caption=\"\" data-rel=\"lightbox-gallery-1\"><img src=\"http:\/\/www.start.hekko24.pl\/studio\/wp-content\/uploads\/2023\/06\/16-300x169.jpg\" width=\"300\" height=\"169\" alt=\"\"\/><\/a><\/div><div class=\"rl-gallery-item\"><a href=\"http:\/\/www.start.hekko24.pl\/studio\/wp-content\/uploads\/2023\/06\/17.jpg\" title=\"\" data-rl_title=\"\" class=\"rl-gallery-link\" data-rl_caption=\"\" data-rel=\"lightbox-gallery-1\"><img src=\"http:\/\/www.start.hekko24.pl\/studio\/wp-content\/uploads\/2023\/06\/17-300x169.jpg\" width=\"300\" height=\"169\" alt=\"\"\/><\/a><\/div><div class=\"rl-gallery-item\"><a href=\"http:\/\/www.start.hekko24.pl\/studio\/wp-content\/uploads\/2023\/06\/18.jpg\" title=\"\" data-rl_title=\"\" class=\"rl-gallery-link\" data-rl_caption=\"\" data-rel=\"lightbox-gallery-1\"><img src=\"http:\/\/www.start.hekko24.pl\/studio\/wp-content\/uploads\/2023\/06\/18-300x169.jpg\" width=\"300\" height=\"169\" alt=\"\"\/><\/a><\/div><div class=\"rl-gallery-item\"><a href=\"http:\/\/www.start.hekko24.pl\/studio\/wp-content\/uploads\/2023\/06\/19.jpg\" title=\"\" data-rl_title=\"\" class=\"rl-gallery-link\" data-rl_caption=\"\" data-rel=\"lightbox-gallery-1\"><img src=\"http:\/\/www.start.hekko24.pl\/studio\/wp-content\/uploads\/2023\/06\/19-300x169.jpg\" width=\"300\" height=\"169\" alt=\"\"\/><\/a><\/div><div class=\"rl-gallery-item\"><a href=\"http:\/\/www.start.hekko24.pl\/studio\/wp-content\/uploads\/2023\/06\/20.jpg\" title=\"\" data-rl_title=\"\" class=\"rl-gallery-link\" data-rl_caption=\"\" data-rel=\"lightbox-gallery-1\"><img src=\"http:\/\/www.start.hekko24.pl\/studio\/wp-content\/uploads\/2023\/06\/20-300x169.jpg\" width=\"300\" height=\"169\" alt=\"\"\/><\/a><\/div><div class=\"rl-gallery-item\"><a href=\"http:\/\/www.start.hekko24.pl\/studio\/wp-content\/uploads\/2023\/06\/21.jpg\" title=\"\" data-rl_title=\"\" class=\"rl-gallery-link\" data-rl_caption=\"\" data-rel=\"lightbox-gallery-1\"><img src=\"http:\/\/www.start.hekko24.pl\/studio\/wp-content\/uploads\/2023\/06\/21-300x169.jpg\" width=\"300\" height=\"169\" alt=\"\"\/><\/a><\/div><div class=\"rl-gallery-item\"><a href=\"http:\/\/www.start.hekko24.pl\/studio\/wp-content\/uploads\/2023\/06\/22.jpg\" title=\"\" data-rl_title=\"\" class=\"rl-gallery-link\" data-rl_caption=\"\" data-rel=\"lightbox-gallery-1\"><img src=\"http:\/\/www.start.hekko24.pl\/studio\/wp-content\/uploads\/2023\/06\/22-300x169.jpg\" width=\"300\" height=\"169\" alt=\"\"\/><\/a><\/div><div class=\"rl-gallery-item\"><a href=\"http:\/\/www.start.hekko24.pl\/studio\/wp-content\/uploads\/2023\/06\/23.jpg\" title=\"\" data-rl_title=\"\" class=\"rl-gallery-link\" data-rl_caption=\"\" data-rel=\"lightbox-gallery-1\"><img src=\"http:\/\/www.start.hekko24.pl\/studio\/wp-content\/uploads\/2023\/06\/23-300x169.jpg\" width=\"300\" height=\"169\" alt=\"\"\/><\/a><\/div><div class=\"rl-gallery-item\"><a href=\"http:\/\/www.start.hekko24.pl\/studio\/wp-content\/uploads\/2023\/06\/24.jpg\" title=\"\" data-rl_title=\"\" class=\"rl-gallery-link\" data-rl_caption=\"\" data-rel=\"lightbox-gallery-1\"><img src=\"http:\/\/www.start.hekko24.pl\/studio\/wp-content\/uploads\/2023\/06\/24-300x169.jpg\" width=\"300\" height=\"169\" alt=\"\"\/><\/a><\/div><div class=\"rl-gallery-item\"><a href=\"http:\/\/www.start.hekko24.pl\/studio\/wp-content\/uploads\/2023\/06\/25.jpg\" title=\"\" data-rl_title=\"\" class=\"rl-gallery-link\" data-rl_caption=\"\" data-rel=\"lightbox-gallery-1\"><img src=\"http:\/\/www.start.hekko24.pl\/studio\/wp-content\/uploads\/2023\/06\/25-300x169.jpg\" width=\"300\" height=\"169\" alt=\"\"\/><\/a><\/div><div class=\"rl-gallery-item\"><a href=\"http:\/\/www.start.hekko24.pl\/studio\/wp-content\/uploads\/2023\/06\/26.jpg\" title=\"\" data-rl_title=\"\" class=\"rl-gallery-link\" data-rl_caption=\"\" data-rel=\"lightbox-gallery-1\"><img src=\"http:\/\/www.start.hekko24.pl\/studio\/wp-content\/uploads\/2023\/06\/26-300x169.jpg\" width=\"300\" height=\"169\" alt=\"\"\/><\/a><\/div><div class=\"rl-gallery-item\"><a href=\"http:\/\/www.start.hekko24.pl\/studio\/wp-content\/uploads\/2023\/06\/27.jpg\" title=\"\" data-rl_title=\"\" class=\"rl-gallery-link\" data-rl_caption=\"\" data-rel=\"lightbox-gallery-1\"><img src=\"http:\/\/www.start.hekko24.pl\/studio\/wp-content\/uploads\/2023\/06\/27-300x169.jpg\" width=\"300\" height=\"169\" alt=\"\"\/><\/a><\/div><div class=\"rl-gallery-item\"><a href=\"http:\/\/www.start.hekko24.pl\/studio\/wp-content\/uploads\/2023\/06\/28.jpg\" title=\"\" data-rl_title=\"\" class=\"rl-gallery-link\" data-rl_caption=\"\" data-rel=\"lightbox-gallery-1\"><img src=\"http:\/\/www.start.hekko24.pl\/studio\/wp-content\/uploads\/2023\/06\/28-300x169.jpg\" width=\"300\" height=\"169\" alt=\"\"\/><\/a><\/div><div class=\"rl-gallery-item\"><a href=\"http:\/\/www.start.hekko24.pl\/studio\/wp-content\/uploads\/2023\/06\/29.jpg\" title=\"\" data-rl_title=\"\" class=\"rl-gallery-link\" data-rl_caption=\"\" data-rel=\"lightbox-gallery-1\"><img src=\"http:\/\/www.start.hekko24.pl\/studio\/wp-content\/uploads\/2023\/06\/29-300x169.jpg\" width=\"300\" height=\"169\" alt=\"\"\/><\/a><\/div><div class=\"rl-gallery-item\"><a href=\"http:\/\/www.start.hekko24.pl\/studio\/wp-content\/uploads\/2023\/06\/30.jpg\" title=\"\" data-rl_title=\"\" class=\"rl-gallery-link\" data-rl_caption=\"\" data-rel=\"lightbox-gallery-1\"><img src=\"http:\/\/www.start.hekko24.pl\/studio\/wp-content\/uploads\/2023\/06\/30-300x169.jpg\" width=\"300\" height=\"169\" alt=\"\"\/><\/a><\/div><div class=\"rl-gallery-item\"><a href=\"http:\/\/www.start.hekko24.pl\/studio\/wp-content\/uploads\/2023\/06\/31.jpg\" title=\"\" data-rl_title=\"\" class=\"rl-gallery-link\" data-rl_caption=\"\" data-rel=\"lightbox-gallery-1\"><img src=\"http:\/\/www.start.hekko24.pl\/studio\/wp-content\/uploads\/2023\/06\/31-300x169.jpg\" width=\"300\" height=\"169\" alt=\"\"\/><\/a><\/div><div class=\"rl-gallery-item\"><a href=\"http:\/\/www.start.hekko24.pl\/studio\/wp-content\/uploads\/2023\/06\/32.jpg\" title=\"\" data-rl_title=\"\" class=\"rl-gallery-link\" data-rl_caption=\"\" data-rel=\"lightbox-gallery-1\"><img src=\"http:\/\/www.start.hekko24.pl\/studio\/wp-content\/uploads\/2023\/06\/32-300x169.jpg\" width=\"300\" height=\"169\" alt=\"\"\/><\/a><\/div><div class=\"rl-gallery-item\"><a href=\"http:\/\/www.start.hekko24.pl\/studio\/wp-content\/uploads\/2023\/06\/33.jpg\" title=\"\" data-rl_title=\"\" class=\"rl-gallery-link\" data-rl_caption=\"\" data-rel=\"lightbox-gallery-1\"><img src=\"http:\/\/www.start.hekko24.pl\/studio\/wp-content\/uploads\/2023\/06\/33-300x169.jpg\" width=\"300\" height=\"169\" alt=\"\"\/><\/a><\/div><div class=\"rl-gallery-item\"><a href=\"http:\/\/www.start.hekko24.pl\/studio\/wp-content\/uploads\/2023\/06\/34.jpg\" title=\"\" data-rl_title=\"\" class=\"rl-gallery-link\" data-rl_caption=\"\" data-rel=\"lightbox-gallery-1\"><img src=\"http:\/\/www.start.hekko24.pl\/studio\/wp-content\/uploads\/2023\/06\/34-300x169.jpg\" width=\"300\" height=\"169\" alt=\"\"\/><\/a><\/div><div class=\"rl-gallery-item\"><a href=\"http:\/\/www.start.hekko24.pl\/studio\/wp-content\/uploads\/2023\/06\/35.jpg\" title=\"\" data-rl_title=\"\" class=\"rl-gallery-link\" data-rl_caption=\"\" data-rel=\"lightbox-gallery-1\"><img src=\"http:\/\/www.start.hekko24.pl\/studio\/wp-content\/uploads\/2023\/06\/35-300x169.jpg\" width=\"300\" height=\"169\" alt=\"\"\/><\/a><\/div> <\/div> <\/div><\/div>\n\n\n\n<p> <\/p>\n\n\n\n<figure class=\"wp-block-image size-large is-resized\"><a href=\"https:\/\/www.instagram.com\/beatabonata\/\" target=\"_blank\" rel=\"noreferrer noopener\"><img decoding=\"async\" loading=\"lazy\" src=\"http:\/\/www.start.hekko24.pl\/studio\/wp-content\/uploads\/2023\/06\/insta_logo_www-1024x1024.jpg\" alt=\"\" class=\"wp-image-1400\" width=\"54\" height=\"54\" srcset=\"http:\/\/www.start.hekko24.pl\/studio\/wp-content\/uploads\/2023\/06\/insta_logo_www-1024x1024.jpg 1024w, http:\/\/www.start.hekko24.pl\/studio\/wp-content\/uploads\/2023\/06\/insta_logo_www-300x300.jpg 300w, http:\/\/www.start.hekko24.pl\/studio\/wp-content\/uploads\/2023\/06\/insta_logo_www-150x150.jpg 150w, http:\/\/www.start.hekko24.pl\/studio\/wp-content\/uploads\/2023\/06\/insta_logo_www-768x768.jpg 768w, http:\/\/www.start.hekko24.pl\/studio\/wp-content\/uploads\/2023\/06\/insta_logo_www-100x100.jpg 100w, http:\/\/www.start.hekko24.pl\/studio\/wp-content\/uploads\/2023\/06\/insta_logo_www.jpg 1181w\" sizes=\"(max-width: 54px) 100vw, 54px\" \/><\/a><\/figure>\n\n\n\n<figure class=\"wp-block-image size-large is-resized\"><a href=\"https:\/\/www.facebook.com\/profile.php?id=100000318532663\" target=\"_blank\" rel=\"noreferrer noopener\"><img decoding=\"async\" loading=\"lazy\" src=\"http:\/\/www.start.hekko24.pl\/studio\/wp-content\/uploads\/2023\/06\/FB-1024x1024.jpg\" alt=\"\" class=\"wp-image-1401\" width=\"49\" height=\"49\" srcset=\"http:\/\/www.start.hekko24.pl\/studio\/wp-content\/uploads\/2023\/06\/FB-1024x1024.jpg 1024w, http:\/\/www.start.hekko24.pl\/studio\/wp-content\/uploads\/2023\/06\/FB-300x300.jpg 300w, http:\/\/www.start.hekko24.pl\/studio\/wp-content\/uploads\/2023\/06\/FB-150x150.jpg 150w, http:\/\/www.start.hekko24.pl\/studio\/wp-content\/uploads\/2023\/06\/FB-768x768.jpg 768w, http:\/\/www.start.hekko24.pl\/studio\/wp-content\/uploads\/2023\/06\/FB-100x100.jpg 100w, http:\/\/www.start.hekko24.pl\/studio\/wp-content\/uploads\/2023\/06\/FB.jpg 1181w\" sizes=\"(max-width: 49px) 100vw, 49px\" \/><\/a><\/figure>\n","protected":false},"excerpt":{"rendered":"<p>KOLA\u017b CYFROWY e-Collage lub kola\u017c digitalowy to nowoczesna forma tradycyjnej sztuki \u0142\u0105czenia r\u00f3\u017cnych element\u00f3w w zaskakuj\u0105c\u0105 estetycznie i znaczeniowo ca\u0142o\u015b\u0107. Powstaj\u0105ce t\u0105 technik\u0105 cyfrowe obrazy mo\u017cna wydrukowa\u0107 w dowolnym wymiarze na papierze, p\u0142\u00f3tnie czy folii. Odpowiednio oprawione b\u0119d\u0105 stanowi\u0107 niebanalne uzupe\u0142nienie wn\u0119trza czy to prywatnego czy publicznego. Istnieje mo\u017cliwo\u015b\u0107 wykonania grafiki na specjalne zam\u00f3wienie, z &hellip; <\/p>\n<p class=\"link-more\"><a href=\"http:\/\/www.start.hekko24.pl\/studio\/kolaze-cyfrowe\/\" class=\"more-link\">Czytaj dalej<span class=\"screen-reader-text\"> \u201eKOLA\u017bE CYFROWE\u201d<\/span><\/a><\/p>\n","protected":false},"author":1,"featured_media":0,"parent":0,"menu_order":0,"comment_status":"closed","ping_status":"closed","template":"","meta":{"footnotes":""},"yoast_head":"<!-- This site is optimized with the Yoast SEO plugin v21.2 - https:\/\/yoast.com\/wordpress\/plugins\/seo\/ -->\n<title>KOLA\u017bE CYFROWE -<\/title>\n<meta name=\"robots\" content=\"index, follow, max-snippet:-1, max-image-preview:large, max-video-preview:-1\" \/>\n<link rel=\"canonical\" href=\"http:\/\/www.start.hekko24.pl\/studio\/wN6ta\" \/>\n<meta property=\"og:locale\" content=\"pl_PL\" \/>\n<meta property=\"og:type\" content=\"article\" \/>\n<meta property=\"og:title\" content=\"KOLA\u017bE CYFROWE -\" \/>\n<meta property=\"og:description\" content=\"KOLA\u017b CYFROWY e-Collage lub kola\u017c digitalowy to nowoczesna forma tradycyjnej sztuki \u0142\u0105czenia r\u00f3\u017cnych element\u00f3w w zaskakuj\u0105c\u0105 estetycznie i znaczeniowo ca\u0142o\u015b\u0107. Powstaj\u0105ce t\u0105 technik\u0105 cyfrowe obrazy mo\u017cna wydrukowa\u0107 w dowolnym wymiarze na papierze, p\u0142\u00f3tnie czy folii. Odpowiednio oprawione b\u0119d\u0105 stanowi\u0107 niebanalne uzupe\u0142nienie wn\u0119trza czy to prywatnego czy publicznego. Istnieje mo\u017cliwo\u015b\u0107 wykonania grafiki na specjalne zam\u00f3wienie, z &hellip; Czytaj dalej \u201eKOLA\u017bE CYFROWE\u201d\" \/>\n<meta property=\"og:url\" content=\"http:\/\/www.start.hekko24.pl\/studio\/kolaze-cyfrowe\/\" \/>\n<meta property=\"article:modified_time\" content=\"2023-06-23T10:48:39+00:00\" \/>\n<meta property=\"og:image\" content=\"http:\/\/www.start.hekko24.pl\/studio\/wp-content\/uploads\/2023\/06\/insta_logo_www-1024x1024.jpg\" \/>\n<meta name=\"twitter:card\" content=\"summary_large_image\" \/>\n<meta name=\"twitter:label1\" content=\"Szacowany czas czytania\" \/>\n\t<meta name=\"twitter:data1\" content=\"1 minuta\" \/>\n<script type=\"application\/ld+json\" class=\"yoast-schema-graph\">{\"@context\":\"https:\/\/schema.org\",\"@graph\":[{\"@type\":\"WebPage\",\"@id\":\"http:\/\/www.start.hekko24.pl\/studio\/kolaze-cyfrowe\/\",\"url\":\"http:\/\/www.start.hekko24.pl\/studio\/kolaze-cyfrowe\/\",\"name\":\"KOLA\u017bE CYFROWE -\",\"isPartOf\":{\"@id\":\"http:\/\/www.start.hekko24.pl\/studio\/#website\"},\"datePublished\":\"2023-06-22T08:45:59+00:00\",\"dateModified\":\"2023-06-23T10:48:39+00:00\",\"breadcrumb\":{\"@id\":\"http:\/\/www.start.hekko24.pl\/studio\/kolaze-cyfrowe\/#breadcrumb\"},\"inLanguage\":\"pl-PL\",\"potentialAction\":[{\"@type\":\"ReadAction\",\"target\":[\"http:\/\/www.start.hekko24.pl\/studio\/kolaze-cyfrowe\/\"]}]},{\"@type\":\"BreadcrumbList\",\"@id\":\"http:\/\/www.start.hekko24.pl\/studio\/kolaze-cyfrowe\/#breadcrumb\",\"itemListElement\":[{\"@type\":\"ListItem\",\"position\":1,\"name\":\"Strona g\u0142\u00f3wna\",\"item\":\"http:\/\/www.start.hekko24.pl\/studio\/\"},{\"@type\":\"ListItem\",\"position\":2,\"name\":\"KOLA\u017bE CYFROWE\"}]},{\"@type\":\"WebSite\",\"@id\":\"http:\/\/www.start.hekko24.pl\/studio\/#website\",\"url\":\"http:\/\/www.start.hekko24.pl\/studio\/\",\"name\":\"\",\"description\":\"\",\"potentialAction\":[{\"@type\":\"SearchAction\",\"target\":{\"@type\":\"EntryPoint\",\"urlTemplate\":\"http:\/\/www.start.hekko24.pl\/studio\/?s={search_term_string}\"},\"query-input\":\"required name=search_term_string\"}],\"inLanguage\":\"pl-PL\"}]}<\/script>\n<!-- \/ Yoast SEO plugin. -->","yoast_head_json":{"title":"KOLA\u017bE CYFROWE -","robots":{"index":"index","follow":"follow","max-snippet":"max-snippet:-1","max-image-preview":"max-image-preview:large","max-video-preview":"max-video-preview:-1"},"canonical":"http:\/\/www.start.hekko24.pl\/studio\/wN6ta","og_locale":"pl_PL","og_type":"article","og_title":"KOLA\u017bE CYFROWE -","og_description":"KOLA\u017b CYFROWY e-Collage lub kola\u017c digitalowy to nowoczesna forma tradycyjnej sztuki \u0142\u0105czenia r\u00f3\u017cnych element\u00f3w w zaskakuj\u0105c\u0105 estetycznie i znaczeniowo ca\u0142o\u015b\u0107. Powstaj\u0105ce t\u0105 technik\u0105 cyfrowe obrazy mo\u017cna wydrukowa\u0107 w dowolnym wymiarze na papierze, p\u0142\u00f3tnie czy folii. Odpowiednio oprawione b\u0119d\u0105 stanowi\u0107 niebanalne uzupe\u0142nienie wn\u0119trza czy to prywatnego czy publicznego. Istnieje mo\u017cliwo\u015b\u0107 wykonania grafiki na specjalne zam\u00f3wienie, z &hellip; Czytaj dalej \u201eKOLA\u017bE CYFROWE\u201d","og_url":"http:\/\/www.start.hekko24.pl\/studio\/kolaze-cyfrowe\/","article_modified_time":"2023-06-23T10:48:39+00:00","og_image":[{"url":"http:\/\/www.start.hekko24.pl\/studio\/wp-content\/uploads\/2023\/06\/insta_logo_www-1024x1024.jpg"}],"twitter_card":"summary_large_image","twitter_misc":{"Szacowany czas czytania":"1 minuta"},"schema":{"@context":"https:\/\/schema.org","@graph":[{"@type":"WebPage","@id":"http:\/\/www.start.hekko24.pl\/studio\/kolaze-cyfrowe\/","url":"http:\/\/www.start.hekko24.pl\/studio\/kolaze-cyfrowe\/","name":"KOLA\u017bE CYFROWE -","isPartOf":{"@id":"http:\/\/www.start.hekko24.pl\/studio\/#website"},"datePublished":"2023-06-22T08:45:59+00:00","dateModified":"2023-06-23T10:48:39+00:00","breadcrumb":{"@id":"http:\/\/www.start.hekko24.pl\/studio\/kolaze-cyfrowe\/#breadcrumb"},"inLanguage":"pl-PL","potentialAction":[{"@type":"ReadAction","target":["http:\/\/www.start.hekko24.pl\/studio\/kolaze-cyfrowe\/"]}]},{"@type":"BreadcrumbList","@id":"http:\/\/www.start.hekko24.pl\/studio\/kolaze-cyfrowe\/#breadcrumb","itemListElement":[{"@type":"ListItem","position":1,"name":"Strona g\u0142\u00f3wna","item":"http:\/\/www.start.hekko24.pl\/studio\/"},{"@type":"ListItem","position":2,"name":"KOLA\u017bE CYFROWE"}]},{"@type":"WebSite","@id":"http:\/\/www.start.hekko24.pl\/studio\/#website","url":"http:\/\/www.start.hekko24.pl\/studio\/","name":"","description":"","potentialAction":[{"@type":"SearchAction","target":{"@type":"EntryPoint","urlTemplate":"http:\/\/www.start.hekko24.pl\/studio\/?s={search_term_string}"},"query-input":"required name=search_term_string"}],"inLanguage":"pl-PL"}]}},"_links":{"self":[{"href":"http:\/\/www.start.hekko24.pl\/studio\/wp-json\/wp\/v2\/pages\/1388"}],"collection":[{"href":"http:\/\/www.start.hekko24.pl\/studio\/wp-json\/wp\/v2\/pages"}],"about":[{"href":"http:\/\/www.start.hekko24.pl\/studio\/wp-json\/wp\/v2\/types\/page"}],"author":[{"embeddable":true,"href":"http:\/\/www.start.hekko24.pl\/studio\/wp-json\/wp\/v2\/users\/1"}],"replies":[{"embeddable":true,"href":"http:\/\/www.start.hekko24.pl\/studio\/wp-json\/wp\/v2\/comments?post=1388"}],"version-history":[{"count":17,"href":"http:\/\/www.start.hekko24.pl\/studio\/wp-json\/wp\/v2\/pages\/1388\/revisions"}],"predecessor-version":[{"id":1464,"href":"http:\/\/www.start.hekko24.pl\/studio\/wp-json\/wp\/v2\/pages\/1388\/revisions\/1464"}],"wp:attachment":[{"href":"http:\/\/www.start.hekko24.pl\/studio\/wp-json\/wp\/v2\/media?parent=1388"}],"curies":[{"name":"wp","href":"https:\/\/api.w.org\/{rel}","templated":true}]}}